
Let k(c) = -4*c**2 - 180*c - 1548. What is k(-33)?
36
Let k(l) = -5*l**3 - 18*l**2 - 222*l - 910. Give k(-4).
10
Let m(s) = -s**2 - 16*s - 68. What is m(-5)?
-13
Let c(g) = 5*g**3 - 728*g**2 + 380*g + 7627. Determine c(145).
-348
Let a(g) = -30*g**2 - 165*g - 58. What is a(-9)?
-1003
Let s(c) = -96489*c - 6271787. What is s(-65)?
-2
Let l(r) = r**2 + 81*r + 1484. Give l(-55).
54
Let a(s) = s**3 + 221*s**2 - 57749*s - 160. What is a(154)?
-6
Let w(s) = -273459*s - 820372. Determine w(-3).
5
Let i(y) = -2566*y - 16219. Give i(-6).
-823
Let x(b) = -2*b**2 - 196*b - 3702. What is x(-70)?
218
Let a(i) = -i**2 - 3178*i + 96173. Give a(30).
-67
Let z(m) = 14*m**2 - 1094*m + 31. Determine z(79).
979
Let x(n) = -2120*n**2 - 6755*n - 1163. Give x(-3).
22
Let h(m) = 70*m**2 - 822*m - 34. Give h(12).
182
Let r(h) = 3*h**3 + 23*h**2 - 847*h - 6707. Calculate r(-8).
5
Let l(d) = -d**3 - 47*d**2 + 111901*d + 5149559. Give l(-46).
-3
Let i(r) = 3654*r - 87682. Calculate i(24).
14
Let o(h) = -26015*h + 1352759. Give o(52).
-21
Let w(q) = -601990*q - 9029854. What is w(-15)?
-4
Let f(j) = -2*j**2 + 24*j + 242. What is f(22)?
-198
Let f(h) = -5139*h + 123327. Determine f(24).
-9
Let m(f) = 47*f - 1084. What is m(25)?
91
Let g(o) = -4*o**2 + 265*o + 3015. Calculate g(77).
-296
Let d(x) = -x**3 + 22*x**2 + 175*x + 109. Give d(27).
1189
Let y(z) = 87056*z - 348233. What is y(4)?
-9
Let g(i) = -2*i**3 + 339*i**2 + 251*i - 13133. Calculate g(170).
637
Let i(c) = -108*c**2 + 253*c - 785. Determine i(3).
-998
Let t(b) = -29*b**2 - 61*b + 40. Calculate t(-6).
-638
Let a(t) = 174*t - 8702. Determine a(49).
-176
Let n(z) = -z**3 - 95*z**2 + 496*z - 683. Give n(-100).
-283
Let y(a) = -318*a + 6339. Give y(19).
297
Let p(d) = -1006*d**2 + 197165*d + 2192. Determine p(196).
36
Let r(u) = 3*u**3 + 118*u**2 + 1645*u + 21648. What is r(-29)?
14
Let y(q) = q**3 + 85*q**2 - 46*q + 3536. Give y(-86).
96
Let n(x) = x**3 - 59*x**2 + 489*x + 296. Calculate n(49).
247
Let c(s) = -61380*s + 2393821. Give c(39).
1
Let u(f) = -9618*f - 240406. Calculate u(-25).
44
Let n(m) = 2466*m**2 - 32090*m - 9. Determine n(13).
-425
Let s(w) = 83*w - 2442. Determine s(18).
-948
Let n(q) = q**3 - 442*q**2 + 6004*q - 5131. What is n(428)?
5
Let d(h) = 9387*h - 18447. What is d(2)?
327
Let d(k) = -40896*k - 60485175. Give d(-1479).
9
Let f(o) = -2*o**3 - 40*o**2 - 53*o - 22. What is f(-18)?
-364
Let d(l) = 137*l - 21272. Give d(158).
374
Let s(c) = -2*c**3 - 202*c**2 - 11*c - 1256. What is s(-101)?
-145
Let q(j) = 2*j**3 - 27*j**2 + 61*j + 2. Determine q(10).
-88
Let h(m) = 2158*m - 265425. Calculate h(123).
9
Let j(m) = m**2 + 884*m - 253541. Determine j(-1112).
-5
Let n(j) = 16*j**2 - 90*j + 12. What is n(8)?
316
Let q(c) = c**3 - 61*c**2 + 564*c - 556. What is q(10)?
-16
Let b(u) = -3*u**3 + 623*u**2 + 203*u + 810. Determine b(208).
-230
Let z(c) = 26408*c + 132009. Calculate z(-5).
-31
Let q(c) = -3927*c + 27497. Calculate q(7).
8
Let k(c) = -c**3 + 120*c**2 - 120*c + 189. Calculate k(119).
70
Let j(t) = -37856*t + 454292. Determine j(12).
20
Let c(n) = -538784*n + 1616331. Determine c(3).
-21
Let p(u) = -u**3 + 699*u**2 + 2018*u - 257. Calculate p(-3).
7
Let r(y) = -1429*y - 41457. Calculate r(-29).
-16
Let a(s) = -2*s**2 + 709*s + 22670. What is a(384)?
14
Let i(w) = -49*w**2 - 460*w + 902. What is i(-11)?
33
Let b(m) = 234870*m + 1644132. Give b(-7).
42
Let s(d) = 5*d**3 + 77*d**2 + 13*d + 199. What is s(-16)?
-777
Let a(j) = 121*j - 9132. What is a(81)?
669
Let k(n) = -214*n + 36337. Determine k(170).
-43
Let t(h) = 786*h - 37145. Calculate t(47).
-203
Let y(n) = 11*n**2 - 119*n + 208. Calculate y(7).
-86
Let w(s) = 2*s**3 + 49*s**2 - 19*s + 9. What is w(6)?
2091
Let o(w) = -3032*w + 63701. What is o(21)?
29
Let s(t) = -259*t + 82356. What is s(318)?
-6
Let z(o) = 591*o - 109895. Give z(186).
31
Let s(g) = -2837*g + 147489. What is s(52)?
-35
Let z(n) = 3*n**3 - 113*n**2 - 232*n - 1902. Give z(40).
18
Let v(c) = 823*c**2 + 61729*c + 236. Determine v(-75).
-64
Let f(y) = y**3 + 16*y**2 - 71*y - 887. Give f(-12).
541
Let q(j) = -217*j**2 - 2030*j + 18. Calculate q(-10).
-1382
Let y(z) = 553*z + 163099. Give y(-295).
-36
Let x(t) = -t**3 - 64*t**2 + 517*t - 143. Give x(7).
-3
Let d(q) = 1366*q - 53254. What is d(39)?
20
Let j(w) = -8*w**3 - 3*w**2 - 67*w + 152. Give j(3).
-292
Let g(w) = 3132*w - 8755. Give g(3).
641
Let q(j) = -304*j - 60815. What is q(-202)?
593
Let k(o) = -o**2 - 982*o - 210462. Give k(-316).
-6
Let m(d) = 674*d - 21823. Determine m(35).
1767
Let t(j) = 14*j**3 + 64*j**2 + 196*j + 1140. What is t(-5)?
10
Let k(s) = 359*s - 273. Give k(-4).
-1709
Let g(m) = 134*m**2 - 30*m + 102. Determine g(3).
1218
Let b(o) = -o**2 + 977*o + 216309. Give b(-186).
-9
Let m(x) = 13*x**2 - 1838*x + 447. What is m(141)?
-258
Let x(s) = -595*s**3 - 629*s**2 + 166*s + 164. What is x(-1)?
-36
Let w(c) = 75860*c + 151694. Calculate w(-2).
-26
Let p(w) = w**3 - 12*w**2 - 22*w - 5. What is p(-1)?
4
Let g(u) = -101*u**2 + 4162*u - 353. Determine g(41).
508
Let g(o) = -2*o**3 + 131*o**2 + 612*o - 53. Determine g(70).
-1313
Let l(z) = z**3 - 170*z**2 + 2880*z - 521731. Calculate l(171).
-10
Let r(v) = -1103*v - 7167. What is r(-7)?
554
Let o(i) = i**3 + 113*i**2 - 2493*i - 167. Determine o(19).
118
Let s(a) = 2*a**3 - 26*a**2 + 182*a - 743. What is s(8)?
73
Let a(d) = -d**2 + 324*d + 217787. Give a(-332).
-5
Let n(p) = -151*p - 17861. What is n(-118)?
-43
Let d(p) = -p**2 + 2248*p - 112874. Give d(51).
-827
Let f(b) = 2225*b**2 - 71213*b + 387. Give f(32).
-29
Let n(t) = -25*t**2 - 3669*t + 22. Calculate n(-147).
-860
Let b(p) = 117*p - 213. What is b(1)?
-96
Let i(m) = -3*m**3 + 154*m**2 + 3927*m - 509. What is i(70)?
-19
Let i(d) = -59*d**2 - 30*d - 6. Determine i(2).
-302
Let o(g) = -g**3 - 49*g**2 - 171*g - 64. Determine o(-3).
35
Let v(t) = -2*t**2 - 22775*t + 182271. Give v(8).
-57
Let v(z) = -167*z**2 - 1511*z - 4. Give v(-9).
68
Let x(h) = -61919*h - 61937. Determine x(-1).
-18
Let n(r) = -359*r + 91939. Give n(256).
35
Let a(l) = -l**2 + 254*l - 968. Determine a(250).
32
Let l(j) = -46*j**2 - 1576*j + 59. Give l(-36).
-2821
Let f(u) = 57*u**2 - 915*u - 4453. Give f(20).
47
Let x(n) = 184528*n - 7381119. Give x(40).
1
Let w(r) = 2*r**2 + 36205*r + 253367. Give w(-7).
30
Let i(v) = -28548*v - 656630. What is i(-23)?
-26
Let x(y) = 25*y**2 + 11820*y + 56163. What is x(-468)?
3
Let c(u) = -2469*u**2 + 66664*u - 13. Determine c(27).
14
Let z(l) = 179*l**2 - 61*l - 13. Determine z(2).
581
Let p(q) = 3738*q + 549618. What is p(-147)?
132
Let v(t) = -31*t**2 + 686*t - 5423. Calculate v(8).
-1919
Let r(o) = -54*o - 1859. Give r(-25).
-509
Let q(k) = -k**3 - 6*k**2 + 16*k + 49. Calculate q(-6).
-47
Let y(d) = -12*d**2 + 60*d + 343. What is y(-4)?
-89
Let m(c) = c**3 - 4*c**2 - 118*c - 18. Determine m(-6).
330
Let i(v) = -350*v**2 + 12632*v + 12631. Determine i(-1).
-351
Let g(j) = -3*j**2 - 1356*j + 567080. Calculate g(264).
8
Let z(y) = y**3 + 4*y**2 + 772*y - 4080. Calculate z(5).
5
Let q(t) = 351*t - 3105. What is q(9)?
54
Let z(x) = -3*x**2 - 3*x - 61. What is z(-7)?
-187
Let i(l) = 407*l + 29487. Determine i(-73).
-224
Let n(a) = -8477*a + 102226. Give n(12).
502
Let g(q) = 5*q**3 + 246*q**2 - 31089*q + 55. Calculate g(58).
-3
Let x(u) = 532*u + 6964. Determine x(-13).
48
Let k(q) = 5*q**3 + 64*q**2 - 15705*q + 217. Determine k(50).
-33
Let n(m) = 2721*m + 16339. Give n(-6).
13
Let o(w) = -201*w - 36842. Calculate o(-182).
-260
Let w(n) = -329*n + 135860. Determine w(413).
-17
Let x(w) = 8034*w + 4442811. Give x(-553).
9
Let l(a) = 355*a**2 - 3133*a - 17. What is l(9)?
541
Let v(h) = -4*h**2 + 165*h + 1417. Give v(-8).
-159
Let r(y) = 11*y**3 + 20*y**2 - 39*y + 14. Give r(-3).
14
Let a(l) = -l**2 + 1883*l + 34191. Give a(-18).
-27
Let k(r) = r**2 + 87*r + 1011. Calculate k(-11).
175
Let r(c) = 303*c**2 - 2747*c + 3. Give r(9).
-177
Let k(o) = 35*o**2 + 1663*o - 58. Give k(-47).
-904
Let u(k) = -51964*k - 1558953. Calculate u(-30).
-33
Let i(x) = -3*x**2 - 428*x - 13070. What is i(-96)?
370
Let j(b) = 5*b**2 + 1396*b - 86118. Calculate j(52).
-6
Let a(h) = 17407*h - 139055. What is a(8)?
201
Let m(w) = -125992*w - 629841. Calculate m(-5).
119
Let c(k) = 9*k**3 - 4*k**2 - 80*k + 244. What is c(3)?
